82828 is divided by 41408?
12
Calculate the remainder when 535219 is divided by 20.
19
What is the remainder when 3962 is divided by 26?
10
Calculate the remainder when 11470 is divided by 182.
4
Calculate the remainder when 6147 is divided by 49.
22
Calculate the remainder when 49997 is divided by 250.
247
What is the remainder when 64429 is divided by 13?
1
What is the remainder when 301430 is divided by 39?
38
What is the remainder when 5075 is divided by 589?
363
What is the remainder when 25649 is divided by 3246?
2927
Calculate the remainder when 525558 is divided by 5591.
4
Calculate the remainder when 6267 is divided by 32.
27
Calculate the remainder when 8584 is divided by 77.
37
Calculate the remainder when 36440 is divided by 6.
2
What is the remainder when 639 is divided by 313?
13
Calculate the remainder when 5562 is divided by 1836.
54
What is the remainder when 3508 is divided by 435?
28
Calculate the remainder when 6276 is divided by 90.
66
Calculate the remainder when 8861 is divided by 47.
25
Calculate the remainder when 20932 is divided by 60.
52
Calculate the remainder when 12151 is divided by 141.
25
Calculate the remainder when 10510 is divided by 6.
4
Calculate the remainder when 34831 is divided by 17408.
15
What is the remainder when 810 is divided by 269?
3
Calculate the remainder when 1256 is divided by 83.
11
Calculate the remainder when 30683 is divided by 751.
643
What is the remainder when 6711 is divided by 84?
75
What is the remainder when 117426 is divided by 114?
6
Calculate the remainder when 4710 is divided by 210.
90
Calculate the remainder when 176310 is divided by 820.
10
What is the remainder when 45448 is divided by 812?
788
What is the remainder when 589 is divided by 144?
13
What is the remainder when 4131 is divided by 3984?
147
What is the remainder when 699 is divided by 396?
303
What is the remainder when 8104 is divided by 364?
96
Calculate the remainder when 421483 is divided by 2539.
9
Calculate the remainder when 2023 is divided by 287.
14
What is the remainder when 137199 is divided by 10?
9
Calculate the remainder when 1810 is divided by 5.
0
Calculate the remainder when 218939 is divided by 88.
83
What is the remainder when 2901596 is divided by 465?
461
What is the remainder when 3443 is divided by 212?
51
Calculate the remainder when 908 is divided by 316.
276
Calculate the remainder when 529 is divided by 389.
140
Calculate the remainder when 21318 is divided by 41.
39
What is the remainder when 20851 is divided by 5209?
15
What is the remainder when 330068 is divided by 165002?
64
What is the remainder when 12753 is divided by 908?
41
Calculate the remainder when 13866 is divided by 544.
266
Calculate the remainder when 11271 is divided by 11224.
47
Calculate the remainder when 1556855 is divided by 17.
12
Calculate the remainder when 1425 is divided by 89.
1
What is the remainder when 6869 is divided by 3321?
227
Calculate the remainder when 7012 is divided by 3475.
62
What is the remainder when 6110 is divided by 760?
30
What is the remainder when 9103 is divided by 31?
20
Calculate the remainder when 105938 is divided by 74.
44
What is the remainder when 17603 is divided by 1253?
61
Calculate the remainder when 1290 is divided by 356.
222
Calculate the remainder when 4851 is divided by 608.
595
Calculate the remainder when 823 is divided by 7.
4
Calculate the remainder when 3075 is divided by 312.
267
Calculate the remainder when 549330 is divided by 564.
558
Calculate the remainder when 713590 is divided by 264.
262
Calculate the remainder when 30104 is divided by 734.
10
Calculate the remainder when 62516 is divided by 49.
41
Calculate the remainder when 3838 is divided by 192.
190
Calculate the remainder when 19079 is divided by 1322.
571
Calculate the remainder when 138162 is divided by 973.
969
What is the remainder when 9912 is divided by 94?
42
Calculate the remainder when 7264 is divided by 893.
120
What is the remainder when 612454 is divided by 83?
80
Calculate the remainder when 195050 is divided by 341.
339
What is the remainder when 4269 is divided by 68?
53
Calculate the remainder when 1392 is divided by 157.
136
What is the remainder when 32051 is divided by 241?
239
Calculate the remainder when 41456 is divided by 5167.
120
Calculate the remainder when 889 is divided by 564.
325
Calculate the remainder when 59949 is divided by 55.
54
Calculate the remainder when 24975 is divided by 245.
230
What is the remainder when 10450 is divided by 12?
10
Calculate the remainder when 48693 is divided by 2434.
13
Calculate the remainder when 429 is divided by 111.
96
Calculate the remainder when 88628 is divided by 12659.
15
Calculate the remainder when 210 is divided by 103.
4
Calculate the remainder when 1100 is divided by 217.
15
What is the remainder when 34894 is divided by 2904?
46
Calculate the remainder when 14104 is divided by 65.
64
What is the remainder when 1585 is divided by 459?
208
What is the remainder when 151882 is divided by 136?
106
What is the remainder when 74057 is divided by 351?
347
What is the remainder when 2882 is divided by 93?
92
What is the remainder when 10094284 is divided by 241?
240
What is the remainder when 280603 is divided by 236?
235
Calculate the remainder when 123243 is divided by 499.
489
Calculate the remainder when 50823 is divided by 194.
189
What is the remainder when 4707 is divided by 2028?
651
Calculate the remainder when 4053 is divided by 711.
498
Calculate the remainder when 111881 is divided by 22.
11
Calculate the remainder when 15980 is divided by 550.
30
Calculate the remainder when 33036 is divided by 16518.
0
Calculate the remainder when 42341 is divided by 2005.
236
Calculate the remainder when 8900 is divided by 2944.
68
What is the remainder when 38229 is divided by 18?
15
Calculate the remainder when 1842 is divided by 374.
346
Calculate the remainder when 924281 is divided by 859.
856
Calculate the remainder when 172364 is divided by 1741.
5
Calculate the remainder when 9828 is divided by 604.
164
Calculate the remainder when 22329 is divided by 71.
35
Calculate the remainder when 16451 is divided by 16.
3
Calculate the remainder when 674 is divided by 61.
3
Calculate the remainder when 3130618 is divided by 1058.
1054
Calculate the remainder when 55227 is divided by 55205.
22
What is the remainder when 13047 is divided by 13?
8
Calculate the remainder when 190284 is divided by 5596.
20
What is the remainder when 333 is divided by 71?
49
What is the remainder when 10186 is divided by 2?
0
Calculate the remainder when 94153 is divided by 25.
3
What is the remainder when 88429 is divided by 254?
37
Calculate the remainder when 10314 is divided by 37.
28
Calculate the remainder when 255190 is divided by 46.
28
What is the remainder when 34622 is divided by 293?
48
Calculate the remainder when 46238 is divided by 23091.
56
What is the remainder when 4499 is divided by 40?
19
What is the remainder when 82997 is divided by 199?
14
Calculate the remainder when 546961 is divided by 4.
1
Calculate the remainder when 39292 is divided by 3019.
45
What is the remainder when 122750 is divided by 61?
18
Calculate the remainder when 59906 is divided by 115.
106
Calculate the remainder when 432 is divided by 340.
92
Calculate the remainder when 9290 is divided by 70.
50
What is the remainder when 275035 is divided by 80?
75
What is the remainder when 2805 is divided by 48?
21
Calculate the remainder when 47436 is divided by 18.
6
What is the remainder when 10387 is divided by 52?
39
Calculate the remainder when 8271275 is divided by 1443.
1442
Calculate the remainder when 14021 is divided by 79.
38
What is the remainder when 247560 is divided by 14?
12
Calculate the remainder when 803 is divided by 801.
2
Calculate the remainder when 28042 is divided by 1567.
1403
Calculate the remainder when 47578 is divided by 244.
242
What is the remainder when 3603 is divided by 83?
34
What is the remainder when 448 is divided by 69?
34
Calculate the remainder when 30796 is divided by 10165.
301
What is the remainder when 1095207 is divided by 6?
3
What is the remainder when 118593 is divided by 19?
14
Calculate the remainder when 28060 is 